ose -w = 3*w, -k*s + 22 = 3*w. What is the remainder when 32 is divided by s?
10
Let m be 2 - (0 - 2/1). Suppose 5*i - 4*i - 23 = -4*r, 0 = -m*r - 5*i + 3. Suppose r*h + 18 = 9*h. Calculate the remainder when 17 is divided by h.
8
What is the remainder when (-4)/(-2) - (-15)/((-105)/(-1064)) is divided by 53?
48
Let o(v) = 11*v**2 - 2*v - 1. Let z = -1 + 2. Let j = z - -6. Calculate the remainder when o(-1) is divided by j.
5
Suppose -4*k + o = -43, k - 4*o - 8 = 14. Let c be -5*4/10*-6. Let g = 7 + c. Calculate the remainder when g is divided by k.
9
Suppose -5 = -2*b - 3*w, 2*w - 6*w - 19 = -b. Calculate the remainder when 25 is divided by b.
4
Let q(t) = -2*t + 2. Let d be q(4). What is the remainder when (4/(-6))/(d/207) is divided by 12?
11
Suppose -4*q - 819 = -11. What is the remainder when (-1)/(q/(-68) + -3) is divided by 18?
16
Suppose j = -4*j + 10. Let v = 3 - 1. Let z(o) = 2*o**3 - 2*o**2 - 3*o + 3. What is the remainder when z(v) is divided by j?
1
Let a = 39 - 19. What is the remainder when a is divided by (-2 - -13)*(5 + -4)?
9
Let l(u) = u - 2. Let p be l(2). Suppose p = -3*c - 5*w + 18, -3 = 2*w - 3*w. Calculate the remainder when c is divided by 1.
0
Let f = 48 + -10. Let t(a) = 2*a**3 + 12*a**2 - 16*a - 1. Calculate the remainder when f is divided by t(-7).
12
Let s = 6 + 19. What is the remainder when s is divided by ((-4)/12)/((-2)/54)?
7
Suppose 19 = -5*t + 124. Let g = 141 + -79. Calculate the remainder when g is divided by t.
20
Suppose v = 4*v - 231. Suppose -5*l - a = -v, a = -3*l - a + 42. What is the remainder when l is divided by 10?
6
Suppose -90 = -2*s - 4*l, 4*s + 4*l - 251 = -51. What is the remainder when s is divided by 28?
27
Suppose 0 = 7*j - 192 - 53. Calculate the remainder when j is divided by 6.
5
Let v be (14/(-10) - -1)*5. Let k be v/(-6)*(6 + 0). Suppose p = k*p - 5. Calculate the remainder when 8 is divided by p.
3
Let l = -24 - -26. Suppose 7 = l*v - 13. What is the remainder when 29 is divided by v?
9
Let w(n) = n**2 - n + 3. Let j be w(0). Suppose 5*a + 2*t = 187, -5*a + 179 = j*t + t. What is the remainder when a is divided by 14?
11
Let i(a) = 6*a + 3. Let l(s) = 13*s + 7. Let p(r) = 5*i(r) - 2*l(r). Calculate the remainder when 66 is divided by p(4).
15
Suppose 8*x - 48 = 2*x. Calculate the remainder when 38 is divided by x.
6
Let q = 8 - 8. Suppose q*d = -3*d + 102. What is the remainder when d is divided by 12?
10
Let t(b) = -b - 1. Calculate the remainder when 74 is divided by t(-14).
9
Let d = -3 + 9. What is the remainder when 21 is divided by d?
3
Calculate the remainder when 36 is divided by 16 + 1 + -3 + 5.
17
Let l be (-2)/(-6) + 7/(-3). Suppose 0 = -c + 2 + 4. Calculate the remainder when 20/(-6)*(l + -1) is divided by c.
4
Suppose 74 = 5*b - 3*v, 5*b - v - 29 = 3*b. Suppose 2*f = z + 6, 3*f + 2*f - 2*z = 14. Calculate the remainder when (f + 1)*(-32)/(-4) is divided by b.
11
What is the remainder when 19 is divided by -5*3*4/(-12)?
4
Let l = -4 + 5. Let p be -1*(-1)/l - -33. Let i = -18 + p. Calculate the remainder when 47 is divided by i.
15
Suppose 3 = t - 0*m + 5*m, t = -m + 7. Suppose -9*y + 5*y + 84 = 0. Calculate the remainder when y is divided by t.
5
Suppose -5*d = 10, 4*x + 19 = 3*d + 1. Let v(q) = -4*q - 5. Calculate the remainder when 55 is divided by v(x).
17
Let u = 12 - -3. Calculate the remainder when 57 is divided by u.
12
Suppose -6*s + 34 = -4*s. Suppose -2*o - 4*k = 3 + 17, 2*k = -10. Suppose o*w - w = -s. Calculate the remainder when w is divided by 6.
5
What is the remainder when 50*((-1)/(-2))/((-4)/(-12)) is divided by 19?
18
What is the remainder when 53 + 1 + (-2 - -1) + 2 is divided by 15?
10
Suppose -2*d + 24 = 2*d. Calculate the remainder when d is divided by 5.
1
Let i(n) = -9*n + 1. Let t be i(4). Let h = 5 - t. What is the remainder when h is divided by 14?
12
Suppose 2*t - 4*t - 291 = -5*j, 0 = 2*t - 4. What is the remainder when j is divided by 20?
19
Suppose 4*n = 24 + 32. Suppose 0 = -4*a + 183 - 27. Calculate the remainder when a is divided by n.
11
Suppose h = -5 + 4. What is the remainder when 27 is divided by h/2 + 174/12?
13
Let v be 12*1 - (-3 + 5). Let z be 1 - 2/4*v. Let t(b) = -b**3 - 2*b**2 + 4*b - 4. What is the remainder when t(z) is divided by 7?
5
Let j = 54 + -26. What is the remainder when j is divided by 15?
13
Suppose 2*w + w - 6 = 0. Suppose w*a - 10 - 25 = 5*j, -a = -5*j - 25. Calculate the remainder when a is divided by 6.
4
Let b(r) = 2*r - 8. What is the remainder when 9 is divided by b(7)?
3
Let g(v) = 9*v. What is the remainder when 78 is divided by g(3)?
24
Suppose 2*r - r = 24. Let h = 2 - 0. Suppose -h*j = -5*j + 39. What is the remainder when r is divided by j?
11
Let t = -24 + 42. Calculate the remainder when t is divided by 10.
8
Suppose -3*g + 8*h - 18 = 3*h, 5*g - h = -8. Let x(n) = n**3 + 5*n**2 - 6*n - 1. Let o be x(-6). Calculate the remainder when 26 is divided by g + 3 + o - -8.
8
Let c = -32 - -79. Calculate the remainder when c is divided by 14.
5
Suppose b + 3*c - 15 = 0, -5*c = -2*b + 3 + 5. What is the remainder when -75*(2/8)/((-3)/4) is divided by b?
7
Let g(s) = -7*s. Suppose -65 = -5*d + 15. Let h = 35 - d. Calculate the remainder when h is divided by g(-1).
5
Let s(r) = -5*r**2 + r - 2. Let u(p) = -2*p**2 - 1. Let h(n) = -3*s(n) + 7*u(n). Calculate the remainder when 47 is divided by h(-3).
13
Let q = -80 + 178. Calculate the remainder when q is divided by 33.
32
Suppose -408 = -22*a + 14*a. What is the remainder when a is divided by 14?
9
Let y(a) = a**2 - a - 6. What is the remainder when y(10) is divided by 29?
26
Suppose -5*t + 51 = 4*y, t - 17 = -t - 5*y. What is the remainder when t is divided by 4?
3
Let r be 2/(5/(30/4)). Let g be 4 - -2*r/(-3). Suppose -f = -g*f + 25. Calculate the remainder when f is divided by 13.
12
Let n(c) = c**2 - c + 3. Let i be n(0). Suppose -5*s + 4*x = -110, i*x + 19 = 2*s - 25. What is the remainder when 86 is divided by s?
20
Suppose -3*f - l = -17, -29 = -5*f - 4*l + 11. What is the remainder when f is divided by 3?
1
Suppose 0*r - 116 = -4*a - 4*r, -r = 3*a - 93. Calculate the remainder when a is divided by 11.
10
Let d(p) be the third derivative of p**4/24 + p**3/6 + 5*p**2. What is the remainder when d(9) is divided by 3?
1
Suppose s = 11 + 4. What is the remainder when 57 is divided by s?
12
Suppose 10 + 5 = -5*d. Let m = -422 - -644. Calculate the remainder when (1/(-2))/(d/m) is divided by 13.
11
Suppose 0 = 4*p - 4*k - 108, -5*k = -4*p + 5*p - 33. Calculate the remainder when 109 is divided by p.
25
Suppose 0 = -3*d - 2*u - u + 18, 2*d - 12 = u. Calculate the remainder when (-104)/(-6) + 4/d is divided by 10.
8
Let m be ((-8)/10)/(4/(-30)). Suppose c = -3, -9 = 2*x - m*x - 5*c. Suppose -2*l + 24 - x = 0. What is the remainder when 25 is divided by l?
7
Let g(d) = -5*d - 14. Calculate the remainder when 45 is divided by g(-6).
13
Let b(c) = c**2 - 4*c - 16. Let d be b(13). Let y be (1 + 1)/(1/35). Let x = d - y. What is the remainder when x is divided by 16?
15
Let y = -4 + 20. What is the remainder when 31 is divided by y?
15
Let b = -15 - -19. Suppose b*h - 62 = 26. What is the remainder when 65 + (-1 - (0 - 0)) is divided by h?
20
Let o(d) = 14*d**2 + 4*d - 3. Calculate the remainder when o(2) is divided by 16.
13
Suppose -9*j = -95 - 13. Suppose 3*u - 122 = -4*s - 39, 99 = 4*u + 3*s. What is the remainder when u is divided by j?
9
Calculate the remainder when 39*-1*2/(-6) is divided by (-14)/(-3) - 1/(-3).
3
Suppose -2*j - 2*j + 24 = 0. Suppose j*k = 5*k. Suppose -3*v - 25 = -2*m, k*m + v = -3*m + 21. Calculate the remainder when 15 is divided by m.
7
Suppose -2*v - 4*v = -72. Let m = -23 + 46. What is the remainder when m is divided by v?
11
Suppose 0 = -5*p - 15, 3*p = -2*f - 3*f + 46. Calculate the remainder when 19 is divided by f.
8
Let k be (1/1)/(-1)*3. Let j(r) = 6*r - 1. Let a be j(k). Let b = -6 - a. Calculate the remainder when b is divided by 7.
6
Suppose 0 = -k - 3*k. Let w be (2 - -1)/(k + 1). Suppose -40 = -5*o + 5*x, 0 = w*o + 2*o + x - 16. What is the remainder when 7 is divided by o?
3
Let i = 6 - -56. Suppose 2*m = -3*m - 270. Let s = -33 - m. What is the remainder when i is divided by s?
20
Let x = 14 - 8. Suppose x*b - 10 = 4*